{"id":150,"date":"2020-08-17T12:08:58","date_gmt":"2020-08-17T10:08:58","guid":{"rendered":"http:\/\/associationmobilite13.fr\/?page_id=150"},"modified":"2023-12-07T13:51:57","modified_gmt":"2023-12-07T12:51:57","slug":"services","status":"publish","type":"page","link":"http:\/\/associationmobilite13.fr\/","title":{"rendered":"Accueil"},"content":{"rendered":"\n\n\n<p class=\"has-text-align-center has-text-color\" style=\"color:#002ea3;font-size:18px\"><strong>Sp\u00e9cialis\u00e9 dans l&rsquo;accompagnement de personnes en situation de handicap, nous vous proposons diff\u00e9rents services personnalis\u00e9s afin de r\u00e9pondre au mieux \u00e0 vos besoins<\/strong><\/p>\n\n\n\n<div class=\"wp-block-media-text alignwide has-media-on-the-right is-stacked-on-mobile is-image-fill\"><div class=\"wp-block-media-text__content\">\n<p class=\"has-text-align-left has-text-color has-normal-font-size\" style=\"color:#002ea3\"><strong>Accompagnement :<\/strong> Nous vous emmenons sur le lieu de votre choix et nous vous accompagnons pendant toute la dur\u00e9e de la prestation, cette solution est id\u00e9ale pour vos achats par exemple.<\/p>\n<\/div><figure class=\"wp-block-media-text__media\" style=\"background-image:url(http:\/\/associationmobilite13.fr\/wp-content\/uploads\/2020\/08\/7-Prado-Veronique-Paul-1-1024x681.jpg);background-position:50% 50%\"><img loading=\"lazy\" decoding=\"async\" width=\"1024\" height=\"681\" src=\"http:\/\/associationmobilite13.fr\/wp-content\/uploads\/2020\/08\/7-Prado-Veronique-Paul-1-1024x681.jpg\" alt=\"\" class=\"wp-image-159 size-full\" srcset=\"http:\/\/associationmobilite13.fr\/wp-content\/uploads\/2020\/08\/7-Prado-Veronique-Paul-1-1024x681.jpg 1024w, http:\/\/associationmobilite13.fr\/wp-content\/uploads\/2020\/08\/7-Prado-Veronique-Paul-1-300x200.jpg 300w, http:\/\/associationmobilite13.fr\/wp-content\/uploads\/2020\/08\/7-Prado-Veronique-Paul-1-768x511.jpg 768w, http:\/\/associationmobilite13.fr\/wp-content\/uploads\/2020\/08\/7-Prado-Veronique-Paul-1.jpg 1366w\" sizes=\"auto, (max-width: 767px) 89vw, (max-width: 1000px) 54vw, (max-width: 1071px) 543px, 580px\" \/><\/figure><\/div>\n\n\n\n<div class=\"wp-block-media-text alignwide has-media-on-the-right is-stacked-on-mobile is-image-fill\"><div class=\"wp-block-media-text__content\">\n<p class=\"has-text-color has-normal-font-size\" style=\"color:#002ea3\"><strong>Mise \u00e0 disposition : <\/strong>une fois arriv\u00e9 sur le  lieu de votre choix, nous attendons votre retour sur place, cette solution est id\u00e9ale pour les sorties au restaurant ou les sorties culturelles par exemple.<\/p>\n<\/div><figure class=\"wp-block-media-text__media\" style=\"background-image:url(http:\/\/associationmobilite13.fr\/wp-content\/uploads\/2020\/08\/resto.jpg);background-position:50% 50%\"><img loading=\"lazy\" decoding=\"async\" width=\"512\" height=\"339\" src=\"http:\/\/associationmobilite13.fr\/wp-content\/uploads\/2020\/08\/resto.jpg\" alt=\"\" class=\"wp-image-160 size-full\" srcset=\"http:\/\/associationmobilite13.fr\/wp-content\/uploads\/2020\/08\/resto.jpg 512w, http:\/\/associationmobilite13.fr\/wp-content\/uploads\/2020\/08\/resto-300x199.jpg 300w\" sizes=\"auto, (max-width: 512px) 100vw, 512px\" \/><\/figure><\/div>\n\n\n\n<div class=\"wp-block-media-text alignwide has-media-on-the-right is-stacked-on-mobile is-image-fill\"><div class=\"wp-block-media-text__content\">\n<p class=\"has-text-color has-normal-font-size\" style=\"color:#002ea3\"><strong>Transfert :<\/strong> cette solution est utile aux personnes qui ont besoin d\u2019\u00eatre accompagn\u00e9 en gare ou \u00e0 l&rsquo;a\u00e9roport par exemple.<\/p>\n<\/div><figure class=\"wp-block-media-text__media\" style=\"background-image:url(http:\/\/associationmobilite13.fr\/wp-content\/uploads\/2020\/08\/Capture-du2019e\u0301cran-2020-04-28-a\u0300-14.44.33-1024x546.png);background-position:50% 50%\"><img loading=\"lazy\" decoding=\"async\" width=\"1024\" height=\"546\" src=\"http:\/\/associationmobilite13.fr\/wp-content\/uploads\/2020\/08\/Capture-du2019e\u0301cran-2020-04-28-a\u0300-14.44.33-1024x546.png\" alt=\"\" class=\"wp-image-161 size-full\" srcset=\"http:\/\/associationmobilite13.fr\/wp-content\/uploads\/2020\/08\/Capture-du2019e\u0301cran-2020-04-28-a\u0300-14.44.33-1024x546.png 1024w, http:\/\/associationmobilite13.fr\/wp-content\/uploads\/2020\/08\/Capture-du2019e\u0301cran-2020-04-28-a\u0300-14.44.33-300x160.png 300w, http:\/\/associationmobilite13.fr\/wp-content\/uploads\/2020\/08\/Capture-du2019e\u0301cran-2020-04-28-a\u0300-14.44.33-768x409.png 768w, http:\/\/associationmobilite13.fr\/wp-content\/uploads\/2020\/08\/Capture-du2019e\u0301cran-2020-04-28-a\u0300-14.44.33.png 1461w\" sizes=\"auto, (max-width: 767px) 89vw, (max-width: 1000px) 54vw, (max-width: 1071px) 543px, 580px\" \/><\/figure><\/div>\n","protected":false},"excerpt":{"rendered":"<p>Sp\u00e9cialis\u00e9 dans l&rsquo;accompagnement de personnes en situation de handicap, nous vous proposons diff\u00e9rents services personnalis\u00e9s afin de r\u00e9pondre au mieux \u00e0 vos besoins Accompagnement : Nous vous emmenons sur le lieu de votre choix et nous vous accompagnons pendant toute la dur\u00e9e de la prestation, cette solution est id\u00e9ale pour vos achats par exemple. Mise &hellip; <\/p>\n<p class=\"link-more\"><a href=\"http:\/\/associationmobilite13.fr\/\" class=\"more-link\">Continuer la lecture<span class=\"screen-reader-text\"> de &laquo;&nbsp;Accueil&nbsp;&raquo;<\/span><\/a><\/p>\n","protected":false},"author":1,"featured_media":0,"parent":0,"menu_order":0,"comment_status":"closed","ping_status":"closed","template":"","meta":{"footnotes":""},"class_list":["post-150","page","type-page","status-publish","hentry"],"jetpack_sharing_enabled":true,"_links":{"self":[{"href":"http:\/\/associationmobilite13.fr\/index.php?rest_route=\/wp\/v2\/pages\/150","targetHints":{"allow":["GET"]}}],"collection":[{"href":"http:\/\/associationmobilite13.fr\/index.php?rest_route=\/wp\/v2\/pages"}],"about":[{"href":"http:\/\/associationmobilite13.fr\/index.php?rest_route=\/wp\/v2\/types\/page"}],"author":[{"embeddable":true,"href":"http:\/\/associationmobilite13.fr\/index.php?rest_route=\/wp\/v2\/users\/1"}],"replies":[{"embeddable":true,"href":"http:\/\/associationmobilite13.fr\/index.php?rest_route=%2Fwp%2Fv2%2Fcomments&post=150"}],"version-history":[{"count":18,"href":"http:\/\/associationmobilite13.fr\/index.php?rest_route=\/wp\/v2\/pages\/150\/revisions"}],"predecessor-version":[{"id":981,"href":"http:\/\/associationmobilite13.fr\/index.php?rest_route=\/wp\/v2\/pages\/150\/revisions\/981"}],"wp:attachment":[{"href":"http:\/\/associationmobilite13.fr\/index.php?rest_route=%2Fwp%2Fv2%2Fmedia&parent=150"}],"curies":[{"name":"wp","href":"https:\/\/api.w.org\/{rel}","templated":true}]}}